rue
Is 35885 a prime number?
False
Is 21254 a prime number?
False
Is 33599 prime?
True
Is 33049 a composite number?
False
Is 1061 prime?
True
Is 789959 a composite number?
False
Is 170669 composite?
False
Is 3793 prime?
True
Is 21815 a composite number?
True
Is 427697 a prime number?
False
Is 1048291 a composite number?
False
Is 31483 composite?
True
Is 863713 prime?
False
Is 70093 a prime number?
False
Is 40649 composite?
True
Is 256687 composite?
False
Is 578083 a prime number?
False
Is 33247 a prime number?
True
Is 35691 composite?
True
Is 1987 a composite number?
False
Is 14143 prime?
True
Is 29987 a composite number?
True
Is 15185 a prime number?
False
Is 2333 a prime number?
True
Is 36763 prime?
False
Is 337381 a composite number?
True
Is 4559 a prime number?
False
Is 20959 a prime number?
True
Is 307337 a composite number?
False
Is 187297 a composite number?
True
Is 914311 prime?
False
Is 15685 prime?
False
Is 1418159 prime?
True
Is 3559 prime?
True
Is 10097 composite?
True
Is 5289439 composite?
False
Is 230929 prime?
True
Is 1345 a prime number?
False
Is 184657 a composite number?
True
Is 9967 composite?
False
Is 4921711 prime?
True
Is 453742 a prime number?
False
Is 51 composite?
True
Is 47693 composite?
True
Is 2237 prime?
True
Is 9045169 a composite number?
True
Is 79229 a prime number?
True
Is 277741 prime?
True
Is 1411387 prime?
True
Is 110393 a composite number?
True
Is 934807 prime?
False
Is 96643 a composite number?
False
Is 5815 a prime number?
False
Is 6389 prime?
True
Is 6127 composite?
True
Is 2159 a composite number?
True
Is 3553415 a composite number?
True
Is 27581 a prime number?
True
Is 1639 prime?
False
Is 156109 a prime number?
True
Is 134581 composite?
False
Is 15427 composite?
False
Is 667 a composite number?
True
Is 630493 a composite number?
False
Is 5147 prime?
True
Is 4327 a prime number?
True
Is 41809 a composite number?
False
Is 43819 a prime number?
False
Is 11566 composite?
True
Is 539897 a prime number?
True
Is 86183 composite?
False
Is 54935 composite?
True
Is 885233 prime?
True
Is 17905 composite?
True
Is 107827 a composite number?
False
Is 138701 a composite number?
True
Is 36139 a composite number?
True
Is 7741 composite?
False
Is 19853 prime?
True
Is 31177 prime?
True
Is 162923 a prime number?
False
Is 14173 a prime number?
True
Is 741991 a composite number?
False
Is 31594 a composite number?
True
Is 4393 composite?
True
Is 965843 a composite number?
False
Is 1432177 a composite number?
False
Is 1366577 prime?
True
Is 15551 composite?
False
Is 17851 a prime number?
True
Is 795598 a composite number?
True
Is 5287 a prime number?
False
Is 168691 a prime number?
False
Is 277709 a composite number?
True
Is 66629 prime?
True
Is 624567 a composite number?
True
Is 253 a composite number?
True
Is 13435 a composite number?
True
Is 205991 prime?
True
Is 19403 a prime number?
True
Is 5669 prime?
True
Is 1089419 composite?
True
Is 851 composite?
True
Is 567202 a prime number?
False
Is 339223 a composite number?
False
Is 5261 prime?
True
Is 270089 prime?
False
Is 280837 composite?
False
Is 24653 prime?
False
Is 308761 prime?
True
Is 139039 prime?
False
Is 324986 a prime number?
False
Is 33447 prime?
False
Is 146867 a prime number?
False
Is 393829 a composite number?
True
Is 76361 composite?
True
Is 7289947 prime?
False
Is 12389 a composite number?
True
Is 327235 prime?
False
Is 3803 composite?
False
Is 581821 a composite number?
False
Is 49483 composite?
True
Is 13711 prime?
True
Is 35099 a composite number?
False
Is 5143 composite?
True
Is 341879 prime?
True
Is 772617 a prime number?
False
Is 8399 a composite number?
True
Is 4391 a prime number?
True
Is 44611 a prime number?
False
Is 3251 a composite number?
False
Is 417103 composite?
True
Is 9745 prime?
False
Is 407471 a prime number?
True
Is 373447 composite?
False
Is 136645 a prime number?
False
Is 179147 composite?
True
Is 7778 composite?
True
Is 21799 a prime number?
True
Is 6653 composite?
False
Is 3739963 a composite number?
True
Is 234133 a prime number?
False
Is 160339 a prime number?
False
Is 15427 a composite number?
False
Is 120107 a composite number?
True
Is 15439 a composite number?
False
Is 1246261 composite?
False
Is 2953 prime?
True
Is 62809 composite?
True
Is 216043 a composite number?
True
Is 35759 a composite number?
False
Is 155257 a composite number?
True
Is 537 a prime number?
False
Is 105581 composite?
True
Is 14695 a prime number?
False
Is 5615 a composite number?
True
Is 17077 a prime number?
True
Is 11821 prime?
True
Is 168193 a prime number?
True
Is 271759 composite?
True
Is 1170379 composite?
True
Is 1829 prime?
False
Is 34115 prime?
False
Is 69689 a composite number?
True
Is 136679 a composite number?
True
Is 731303 composite?
True
Is 289 prime?
False
Is 1600861 a prime number?
True
Is 41721 a prime number?
False
Is 1361 a prime number?
True
Is 558933 prime?
False
Is 1151 composite?
False
Is 196177 a composite number?
False
Is 405143 composite?
False
Is 7069 a prime number?
True
Is 1823 composite?
False
Is 1044277 a prime number?
False
Is 188169 composite?
True
Is 135383 composite?
True
Is 156089 a composite number?
False
Is 125639 composite?
False
Is 5623 a prime number?
True
Is 917841 composite?
True
Is 2106773 composite?
False
Is 143029 composite?
True
Is 31013 a prime number?
True
Is 38217 composite?
True
Is 558911 composite?
True
Is 156089 a prime number?
True
Is 48266 a composite number?
True
Is 877547 prime?
False
Is 4227 prime?
False
Is 64299 a prime number?
False
Is 172789 prime?
False
Is 770153 composite?
True
Is 141811 prime?
True
Is 2933993 a prime number?
True
Is 2033543 composite?
False
Is 53813 a composite number?
False
Is 13649 a prime number?
True
Is 21269 a composite number?
False
Is 87799 a composite number?
True
Is 72101 composite?
False
Is 4253 a composite number?
False
Is 58211 a composite number?
False
Is 13517 a composite number?
True
Is 47131 composite?
True
Is 10063 prime?
False
Is 23267 a composite number?
True
Is 5245 a prime number?
False
Is 1863793 a prime number?
False
Is 377459 a prime number?
True
Is 48017 prime?
True
Is 53255 a prime number?
False
Is 502439 composite?
True
Is 32603 prime?
True
Is 138283 a prime number?
True
Is 133769 prime?
True
Is 339049 a prime number?
True
Is 122891 prime?
True
Is 62789 a prime number?
False
Is 703303 composite?
True
Is 10193 a composite number?
False
Is 126001 a prime number?
True
Is 16811 a prime number?
True
Is 6382 a composite number?
True
Is 1049309 a prime number?
False
Is 129361 a composite number?
False
Is 69307 a prime number?
False
Is 409447 a prime number?
False
Is 28117 composite?
True
Is 861847 a prime number?
False
Is 96779 prime?
True
Is 12703 a prime number?
True
Is 2078801 a prime number?
True
Is 31001 composite?
True
Is 1280927 composite?
True
Is 20593 a composite number?
False
Is 2503 a prime number?
True
Is 502643 a prime number?
True
Is 101731 composite?
True
Is 13927 prime?
False
Is 1082307 prime?
False
Is 380819 a prime number?
True
Is 14969 composite?
False
Is 7509 composite?
True
Is 186469 prime?
True
Is 554 a composite number?
True
Is 43223 a prime number?
True
Is 1113221 a composite number?
False
Is 18673 composite?
True
Is 159157 composite?
False
Is 1030651 a prime number?
False
Is 15037 a composite number?
True
Is 87211 composite?
False
Is 3877 a prime number?
True
Is 183151 a prime number?
True
Is 35639 composite?
True
Is 2587499 composite?
False
Is 21974 a composite number?
True
Is 455701 a composite number?
False
Is 290083 prime?
True
Is 25329 prime?
False
Is 2579 a composite number?
False
Is 45161 prime?
True
Is 25523 prime?
True
Is 1562833 prime?
True
Is 38629 a composite number?
False
Is 154123 composite?
True
Is 22853 prime?
True
Is 1217 a composite number?
False
Is 7867 prime?
True
Is 7601 a composite number?
True
Is 343973 prime?
False
Is 3879445 prime?
False
Is 9983 composite?
True
Is 667417 a composite number?
False
Is 4841 composite?
True
Is 8458 a composite number?
True
Is 14837 a prime number?
False
Is 24821 a composite number?
False
Is 2903 prime?
True
Is 9967 prime?
True
Is 18803 composite?
False
Is 290993 a prime number?
True
Is 29983 a composite number?
False
Is 19613 a composite number?
True
Is 34647 composite?
T